?
83
Let w(u) = 10*u**2 + 3*u - 3. Let k be w(1). Let r(l) = 5*l**2 - 35*l + 24. What is the remainder when r(k) is divided by 59?
56
Let v = 74 - 31. Suppose 138 - v = 5*w. What is the remainder when 130 is divided by w?
16
Suppose -3*l = -2*k - 82, -2*k = -1767*l + 1769*l - 68. Suppose 4*c + 346 = 4*h + c, -5*c - 254 = -3*h. What is the remainder when h is divided by l?
28
Let f = -3258 + 3764. What is the remainder when f is divided by 34?
30
Suppose 5*k + 416 = 2*o + 515, -5*k + 103 = -4*o. What is the remainder when 1813 is divided by k?
8
Calculate the remainder when 108 is divided by (2*2/(0 + -1) - -7) + 34.
34
Let c be -3 + ((-12)/16 + 2)*4. Let x(p) = -p**c + p + 10*p + 18*p - 21 - 5*p. Calculate the remainder when x(16) is divided by 12.
11
Let a(j) = 9*j**3 + 10*j**2 + 17*j + 4. Let z be a(-2). Let p = -39 - z. What is the remainder when 38 is divided by p?
15
What is the remainder when 184 is divided by (-2387)/(-682)*188/14?
43
Suppose 132 = -4*y - 276. Calculate the remainder when ((-17)/(y/(-444)))/(1/(-4)) is divided by 101.
94
Let l = -46 + 57. Calculate the remainder when ((-9766)/(-57) - 19) + (-4)/3 is divided by l.
8
Let k be ((-24)/9)/(4/(-72)). Suppose -7*y + k = -y. Calculate the remainder when 25 is divided by y.
1
Suppose j - 49 = -4*z, 583*z - 581*z = -4*j + 14. What is the remainder when 4544 is divided by z?
7
Suppose 5*r - 2*v + 31 = 0, 0 = -3*r + 18*v - 14*v - 13. Let k(m) = 4*m + 36. What is the remainder when 135 is divided by k(r)?
7
Let z = -10 + 14. Let q be 1/(8/20) + 1/2. Suppose -z*n = 4*k - 88, -q*k + 2*k + 38 = -3*n. What is the remainder when 76 is divided by k?
24
Let f = 54 - 35. What is the remainder when f is divided by 7 + (-30)/40*(-7 - -11)?
3
Let c(r) = 53 - 15 - 18 + 3*r. Let x(q) = -q**3 + 14*q**2 - 24*q + 21. What is the remainder when c(28) is divided by x(12)?
20
Suppose 22*w = 18*w + 8. Suppose -g + 30 + 10 = 2*n, n - 4*g - w = 0. Calculate the remainder when 106 is divided by n.
16
Suppose 2*v + 4*s = -2, 5*v = -s - s + 35. Let a(p) = 23 - 15*p + 18 - 38 + 2*p**2 - p**2. What is the remainder when v is divided by a(15)?
0
Suppose -10*l + 450 = -0*l. Suppose 10*o = -7*o + 408. Calculate the remainder when l is divided by o.
21
Let q = 11 + -10. Suppose -9 - q = -j. Suppose 406 + 386 = 8*n. What is the remainder when n is divided by j?
9
Let g(o) = -o**2 - o + 144. What is the remainder when g(9) is divided by 14?
12
Let w(z) = 2*z - 3. Let k(h) = -13*h - 129. Let v be k(-11). Calculate the remainder when (32/112)/(4/v) is divided by w(2).
0
Let n(m) = -56 - 19*m - 6*m + 2*m. Let h be n(-7). Let t = h - 83. What is the remainder when t is divided by 5?
2
Let s = 34 + 81. Let p = 57 + s. Let y = 304 - p. What is the remainder when y is divided by 46?
40
Suppose 4*d - 232 = -4*m, -2*m + 15*d - 12*d + 96 = 0. Let l(s) = s**3 + 6*s**2 - s + 5. Calculate the remainder when m is divided by l(-3).
19
Let v = 10130 - 9998. What is the remainder when v is divided by 63?
6
Let i = 184 - 152. Calculate the remainder when 1469 is divided by i.
29
Suppose -g - 3*o + 48 = 0, 157 + 70 = 4*g + 5*o. Let p be 3*2/(-12)*-4. Suppose g = p*q + q. What is the remainder when 81 is divided by q?
18
Let g(y) = 11*y - 1. Let s be (0 - 1) + 1/2*6. Suppose -s*j = -5*z + j + 72, -3*z - 5*j + 16 = 0. What is the remainder when g(2) is divided by z?
9
Let u be 1 - (-3)/9*-6. Let n(k) = -29*k**3 + 2*k**2 + k. Calculate the remainder when n(-1) is divided by (209/(-38))/(u - (-1)/2).
8
Let i(a) = a**2 + 4*a - 1. Let v(t) = -15*t - 298. Let h be v(-17). Let g(m) = m**2 + 39*m - 34. Calculate the remainder when g(h) is divided by i(3).
18
Let t be -4*(-14)/12*-1*15. Calculate the remainder when 95 is divided by (t/(-2))/((-9)/(-9)).
25
Let q be (228/7)/(-2) - (-4)/14. Let x(i) = 3*i**2 + 41*i - 19. What is the remainder when x(q) is divided by 40?
13
Let q(x) = 4*x + 23. Let s be q(-7). Let o(f) = f**3 + 7*f**2 - 6*f - 7. What is the remainder when o(s) is divided by 19?
16
Suppose 2*c + 5*j - 54 = 0, 5*c = j + j + 135. Let z = -21 + c. Suppose 0 = 7*q - 139 + z. Calculate the remainder when 54 is divided by q.
16
Let l = 4 + 9. Let w be (-50)/(-75)*132/2. Suppose w = x - 19. What is the remainder when x is divided by l?
11
Suppose -v = -0 - 2. Suppose -v*y - 3*y - 5*b = -195, 5*b = 3*y - 109. Let g = 37 + -22. Calculate the remainder when y is divided by g.
8
Suppose 3*o - 4971 = -3*x, 30*x - 33*x - 5*o + 4959 = 0. Calculate the remainder when x is divided by 98.
95
Let w be 1/((-4)/(-3052)) - 4. Suppose 242 = -11*a + w. What is the remainder when a is divided by 16?
15
Let j = -2603 + 2856. What is the remainder when j is divided by 81?
10
Let n(z) = 7*z**2 + 118*z + 1109. What is the remainder when n(-10) is divided by 95?
59
Let f(b) = b**3 + 8*b**2 + 10*b - 12. Let w be f(-6). Let i(c) = c**2 + 4*c + 68. What is the remainder when 474 is divided by i(w)?
66
Let r = 23 + -9. Suppose -4 = s, a + a - s = r. Suppose -4*h + 3*h + 2*l + 10 = 0, a*l + 28 = 3*h. What is the remainder when 11 is divided by h?
5
Suppose -60 = 3*r - 8*r. Suppose -9*k = -13*k - r. Calculate the remainder when 20 is divided by 9 + (3 - 4) - k.
9
Suppose 8*k - 5*k - 36 = 0. Let r = 14 - k. Let x = r - -70. What is the remainder when x is divided by 25?
22
Let x(l) = l**3 - 42*l**2 - 24*l + 84. Let o be x(42). Let z = -914 - o. Calculate the remainder when 89 is divided by z.
9
Suppose 0 = 5*w - 2*s - 2*s - 12947, -3*s + 2578 = w. Calculate the remainder when w is divided by 74.
71
Let l = 1150 - 546. Let y = 751 - l. What is the remainder when y is divided by 27?
12
Let a(t) be the second derivative of 10*t + 11*t**2 + 5/6*t**3 + 0 - 1/12*t**4. Calculate the remainder when 44 is divided by a(6).
12
Let j = 298 + -367. Calculate the remainder when 42 is divided by j*(7 + -4)/(-9).
19
Let i(c) be the first derivative of -c**4/4 + 17*c**3/3 + 24*c + 12. Calculate the remainder when i(17) is divided by 7.
3
Let x(v) = 2*v**2 + 222*v - 434. Calculate the remainder when 33 is divided by x(-113).
15
Let x be 26/325 + 606/(-75). Suppose 2*p - 230 = -d, 5*p + 496 = 5*d - 3*d. Calculate the remainder when d is divided by 9 + x - 7 - 54/(-1).
46
Calculate the remainder when 161 is divided by -1 + 44 - (-3)/1*(-128)/48.
21
Let t(r) = 2*r**2 - r - 12. Suppose -3*i - 13*m - 6 = -16*m, -2*m = 2. What is the remainder when t(i) is divided by 8?
1
Let d(n) = -123*n + 5161. Calculate the remainder when 11084 is divided by d(40).
239
Suppose 4 + 2 = 3*l, 5*a - 139 = -2*l. Let t(v) = 15 - 5*v**2 - 5*v**2 - 11*v**2 + 20*v**2. What is the remainder when a is divided by t(0)?
12
Suppose -30*i = -21*i + 19602. What is the remainder when 176 is divided by 3/(-12) + i/(-72)?
26
Let c = 621 + -432. Let z = c - 158. Calculate the remainder when 276 is divided by z.
28
Let u(l) = 107*l - 1792. Calculate the remainder when 257 is divided by u(17).
14
Let j = 26889 + -26882. Calculate the remainder when 14013 is divided by j.
6
Calculate the remainder when 1395 is divided by (109 - 53)*(-141)/(-24).
79
Suppose 15*o - 6455 = 1270. Calculate the remainder when o is divided by 221.
73
Suppose 0 = 3*k - 2 - 16. Calculate the remainder when 13 + 100/8*1872/260 is divided by (-4)/k*7*-6.
19
Let v(i) = -i + 16. Suppose 4*y - 70 - 46 = 0. Calculate the remainder when y is divided by v(1).
14
Suppose -50*l - 765 = -65*l. Calculate the remainder when 159 is divided by l.
6
Calculate the remainder when 3/((-4)/(-14) - (-332)/(-1456)) is divided by -107*(-5)/105 - (-40)/(-420).
2
Let p(o) = -14*o**3 - 8*o**2 + 2*o + 63. Calculate the remainder when p(-3) is divided by 175.
13
Calculate the remainder when (-65)/(-2)*(32 + (-31 - -3)) is divided by 3.
1
Let d(r) = -r. Let s(k) = -5*k + 41. Let g(q) = -d(q) + s(q). Calculate the remainder when g(-4) is divided by 18.
3
Let x be -1 + 4 - 1*7. Let d = x + 78. Suppose 0 = 3*i + 13 - 61. What is the remainder when d is divided by i?
10
Suppose 3*y = -2*f - 2, -f - f = -4*y + 16. Suppose -4*g - 58 = -3*l, y*l + 3*l = -4*g + 150. Calculate the remainder when 49 is divided by l.
23
What is the remainder when 15/12 + (-385089)/(-92) + 9 is divided by 221?
218
Suppose 6*f - 3*f - 139 = q, 3*f - 2*q = 140. Let u = f + -30. Calculate the remainder w